 194?
False
Is 1490 a factor of 402300805?
False
Is 31692012 a multiple of 102?
True
Is 2807186 a multiple of 2?
True
Does 7 divide 789166749?
True
Is 663 a factor of 2246261297?
False
Does 42 divide 20323758?
True
Is 6 a factor of 1102538766?
True
Is 44 a factor of 29668452?
True
Is 3472 a factor of 78613024?
True
Is 645 a factor of 896072700?
True
Is 96 a factor of 96689878?
False
Is 31247336 a multiple of 11?
False
Does 214 divide 17463180?
False
Is 2136 a factor of 73222080?
True
Is 9645 a factor of 798275973?
False
Does 21 divide 4711917?
True
Does 725 divide 308205670?
False
Is 1882973439 a multiple of 280?
False
Is 2118 a factor of 861522494?
False
Is 3121 a factor of 5662215038?
False
Is 184927539 a multiple of 309?
True
Is 4737556 a multiple of 9?
False
Is 5164005 a multiple of 267?
False
Is 249 a factor of 341554296?
True
Is 121760628 a multiple of 845?
False
Is 2409 a factor of 174746451?
True
Is 131 a factor of 126125391?
False
Is 22 a factor of 1031497594?
False
Is 37996860 a multiple of 12?
True
Is 137723541 a multiple of 206?
False
Is 13 a factor of 6065968722?
False
Is 1446 a factor of 614666512?
False
Is 127220660 a multiple of 28?
True
Is 417334104 a multiple of 11?
True
Is 2668531541 a multiple of 13?
True
Is 47008710 a multiple of 406?
True
Is 22 a factor of 391035854?
True
Does 2350 divide 17612859?
False
Is 4588960 a multiple of 688?
True
Does 161 divide 474714296?
True
Is 678 a factor of 122880804?
False
Is 49 a factor of 1261598247?
True
Is 191906917 a multiple of 4857?
False
Does 64 divide 46202533?
False
Is 290262063 a multiple of 51?
True
Does 226 divide 23776483?
False
Is 5581567250 a multiple of 50?
True
Is 2368649340 a multiple of 36?
True
Does 30 divide 208469604?
False
Is 44 a factor of 41699716?
False
Does 2695 divide 666509454?
False
Is 35550009 a multiple of 187?
True
Does 257 divide 370116494?
True
Is 25198210 a multiple of 10?
True
Is 28 a factor of 3595396?
True
Does 130 divide 26621553?
False
Is 2 a factor of 24045645?
False
Does 539 divide 28471597?
True
Is 1803955 a multiple of 7?
False
Is 1185 a factor of 473633670?
False
Does 243 divide 55459404?
True
Is 88 a factor of 309476509?
False
Is 280875528 a multiple of 776?
True
Is 8898338 a multiple of 7?
False
Is 13 a factor of 62288234?
False
Is 84 a factor of 780106068?
True
Does 1673 divide 1653131452?
True
Does 1951 divide 174169672?
True
Does 102 divide 6619347?
False
Is 4803420 a multiple of 432?
False
Is 203327314 a multiple of 137?
False
Is 22489973 a multiple of 1111?
True
Is 519518503 a multiple of 287?
True
Does 9390 divide 1508484720?
True
Is 5 a factor of 2133870?
True
Is 13424532 a multiple of 4?
True
Is 974 a factor of 330174312?
True
Does 233 divide 63768372?
True
Does 12 divide 1433931692?
False
Is 38 a factor of 30173501?
False
Is 292379648 a multiple of 2816?
True
Is 6 a factor of 17784322?
False
Is 25 a factor of 976189176?
False
Does 23 divide 7336726305?
False
Is 1023270848 a multiple of 6208?
True
Is 191659608 a multiple of 24?
True
Is 929824660 a multiple of 590?
True
Does 59 divide 3932234?
False
Does 15 divide 12309660?
True
Is 532 a factor of 3048937220?
True
Is 54751075 a multiple of 325?
False
Is 268475676 a multiple of 199?
True
Is 8 a factor of 787746987?
False
Does 21 divide 9046621?
False
Does 8 divide 55800560?
True
Does 311 divide 45352752?
False
Is 41 a factor of 278460668?
False
Is 723 a factor of 143650701?
True
Is 4123018704 a multiple of 7871?
True
Does 13 divide 14752296?
True
Does 485 divide 72998639?
False
Is 30113107 a multiple of 18?
False
Does 127 divide 3059684?
True
Does 150 divide 216022800?
True
Does 4574 divide 78000990?
False
Does 16 divide 9090729?
False
Is 37 a factor of 271115777?
False
Does 181 divide 56061673?
True
Is 15 a factor of 183565245?
True
Is 30 a factor of 39638749?
False
Is 16 a factor of 62312688?
True
Does 141 divide 676023718?
False
Is 3309308 even?
True
Does 71 divide 20314352?
False
Is 34 a factor of 30846908?
True
Does 918 divide 235632095?
False
Is 2428177545 a multiple of 1687?
False
Does 1140 divide 17476699?
False
Is 353262617 a multiple of 1747?
True
Does 10 divide 100723114?
False
Is 2315 a factor of 1310485402?
False
Is 4443771291 a multiple of 40?
False
Is 18 a factor of 4818816?
True
Does 11 divide 134649496?
False
Is 105 a factor of 1460822055?
True
Is 2928767680 a multiple of 265?
False
Is 348 a factor of 52802274?
False
Does 301 divide 287468598?
False
Does 15 divide 111367993?
False
Does 2234 divide 547712014?
True
Is 28 a factor of 105314188?
True
Is 22 a factor of 8945162?
False
Does 67 divide 16504512?
True
Is 114 a factor of 1190204520?
False
Does 46 divide 5152658379?
False
Does 63 divide 66458700?
True
Does 2741 divide 413856690?
False
Is 17 a factor of 6860441?
False
Is 2528 a factor of 972462389?
False
Is 26 a factor of 2564614?
True
Is 9 a factor of 1591169949?
True
Does 1572 divide 3131367927?
False
Is 2091896960 a multiple of 3216?
False
Is 678 a factor of 2514586368?
False
Does 35 divide 1099207672?
False
Is 25 a factor of 212666055?
False
Is 20533832 a multiple of 88?
True
Does 54 divide 96000423?
False
Does 17 divide 38528216?
False
Is 26822246 a multiple of 30?
False
Is 1967434654 a multiple of 1654?
True
Does 355 divide 224695700?
False
Does 130 divide 1276233230?
False
Does 2553 divide 501764220?
False
Is 112 a factor of 15708560?
True
Is 3650999926 a multiple of 3457?
True
Is 88 a factor of 6850953?
False
Is 2 a factor of 324964211?
False
Is 420 a factor of 1350536288?
False
Is 118939140 a multiple of 827?
True
Is 15 a factor of 630092310?
True
Is 28 a factor of 898994957?
False
Is 189 a factor of 17032302?
True
Is 17 a factor of 6801642?
False
Does 155 divide 458827280?
True
Is 3543 a factor of 2183175342?
True
Is 193404175 a multiple of 25?
True
Is 171 a factor of 1092431961?
True
Does 4226 divide 544507422?
True
Does 210 divide 18907017?
False
Does 14 divide 222476226?
True
Is 1590668900 a multiple of 2666?
True
Is 635289737 a multiple of 5998?
False
Is 56392512 a multiple of 99?
False
Does 53 divide 328792764?
False
Does 989 divide 9383632?
True
Is 39 a factor of 151208535?
False
Is 582 a factor of 18476172?
True
Is 118575574 a multiple of 263?
False
Is 1279459119 a multiple of 683?
True
Is 694859711 a multiple of 10?
False
Is 18 a factor of 73862298?
True
Is 759707999 a multiple of 23?
False
Does 1008 divide 16059456?
True
Is 1329820803 a multiple of 2029?
True
Does 1383 divide 84636834?
True
Does 21 divide 68098474?
False
Is 216 a factor of 29120397?
False
Is 357957699 a multiple of 7?
False
Is 4 a factor of 2363012?
True
Does 2079 divide 73412541?
False
Is 101033868 a multiple of 2298?
True
Is 26136108 a multiple of 471?
False
Is 291414175 a multiple of 73?
True
Is 72910610 a multiple of 4985?
True
Is 572 a factor of 66710099?
False
Is 879 a factor of 52594086?
True
Is 1015311965 a multiple of 6536?
False
Is 8 a factor of 333030088?
True
Does 43 divide 1243560086?
True
Is 102457073 a multiple of 20?
False
Does 87 divide 6139068?
True
Is 2639967232 a multiple of 5888?
True
Does 30 divide 168650959?
False
Is 105 a factor of 597107637?
False
Does 630 divide 28913746?
False
Is 410 a factor of 1090723000?
True
Is 294 a factor of 149399334?
True
Does 1353 divide 151422348?
True
Is 241258184 a multiple of 1540?
False
Is 210592954 a multiple of 377?
True
Is 306 a factor of 18417222?
True
Does 363 divide 218567382?
True
Is 114224606 a multiple of 73?
False
Is 106 a factor of 5716474?
True
Is 538734867 even?
False
Is 7431426 a multiple of 18?
True
Does 26 divide 20822573?
False
Is 1320 a factor of 180490200?
True
Is 193 a factor of 2388423026?
False
Is 2293028 a multiple of 72?
False
Is 555 a factor of 265169010?
True
Is 403 a factor of 16281200?
True
Is 236646030 a multiple of 1433?
False
Is 1042455600 a multiple of 300?
True
Is 20969663 a multiple of 47?
False
Does 468 divide 170611135?
False
Is 519 a factor of 21398889?
True
Does 14 divide 467258500?
False
Is 37899383 a multiple of 24?
False
Does 65 divide 16529760?
True
Is 21626724 a multiple of 12?
True
Is 13 a factor of 227995079?
True
Does 17 divide 132273090?
True
Is 9 a factor of 71782?
False
Is 134351994 a multiple of 4893?
True
Is 36 a factor of 1016272440?
True
Is 510067086 a multiple of 6